f 2563451 and 15211.
53
Calculate the greatest common divisor of 53710758 and 7866.
342
What is the greatest common factor of 945 and 2804085?
135
Calculate the highest common divisor of 16 and 8624204.
4
What is the greatest common divisor of 21262910 and 709?
709
Calculate the greatest common divisor of 1410 and 24019680.
30
Calculate the highest common divisor of 3572 and 68799608.
76
What is the highest common factor of 523446 and 899602?
2266
Calculate the highest common factor of 97147 and 16188.
19
Calculate the greatest common factor of 1720 and 15565140.
860
Calculate the highest common factor of 970 and 218686015.
485
What is the highest common factor of 422312 and 448?
8
What is the greatest common factor of 15375636 and 5605?
1121
Calculate the highest common factor of 64372 and 24260.
4
Calculate the highest common divisor of 641 and 385241.
641
What is the highest common factor of 19057368 and 11?
11
Calculate the highest common factor of 261 and 15852303.
9
What is the highest common factor of 12439 and 9810817?
1777
What is the highest common divisor of 3386 and 1396159538?
3386
Calculate the highest common factor of 191097817 and 423.
47
What is the highest common divisor of 106705510 and 2162?
2162
What is the greatest common factor of 12576 and 1058742?
786
What is the highest common factor of 194340 and 1901580?
2460
What is the greatest common factor of 3862184 and 56?
8
What is the highest common factor of 53 and 74209?
1
Calculate the greatest common factor of 5787 and 48585723.
1929
What is the highest common divisor of 2058 and 4900980?
294
Calculate the highest common factor of 162 and 14438466.
54
Calculate the highest common factor of 69558150 and 200075.
3775
What is the greatest common factor of 5647713 and 562785?
6621
What is the highest common factor of 8732 and 1141335707?
2183
What is the greatest common divisor of 1677173564 and 22?
22
Calculate the highest common factor of 185207003 and 19.
19
Calculate the greatest common divisor of 315 and 9049155.
15
Calculate the highest common divisor of 46344 and 5062.
2
What is the greatest common divisor of 3340701 and 1248?
39
What is the highest common divisor of 20 and 1330417?
1
Calculate the highest common divisor of 7706 and 293209447.
3853
What is the greatest common factor of 33397605 and 36?
9
Calculate the greatest common divisor of 70752 and 107937.
201
What is the highest common factor of 32347 and 533942687?
4621
What is the highest common divisor of 271522 and 27920?
698
What is the highest common divisor of 71126636 and 14?
14
What is the highest common factor of 12390 and 20685105?
6195
What is the greatest common factor of 78090 and 197790?
570
What is the greatest common divisor of 715 and 17639270?
55
Calculate the highest common factor of 27306 and 3418911.
333
What is the highest common divisor of 2001571 and 14729?
143
Calculate the greatest common factor of 1358646 and 1778.
254
What is the highest common divisor of 4 and 388871372?
4
Calculate the highest common divisor of 144 and 5208093.
9
What is the greatest common factor of 438470 and 417280?
1630
What is the highest common factor of 8013590 and 260?
130
Calculate the greatest common factor of 1673340 and 960.
60
Calculate the highest common divisor of 1015 and 4194085.
35
What is the highest common factor of 204031 and 69469?
547
What is the greatest common factor of 185 and 4885?
5
What is the greatest common factor of 63 and 3812253?
3
What is the highest common factor of 376474 and 322?
14
What is the greatest common factor of 2236 and 82277?
13
What is the greatest common factor of 22436118 and 72?
18
Calculate the highest common divisor of 5 and 416130.
5
Calculate the highest common divisor of 1025 and 38849017.
41
What is the highest common divisor of 4185 and 5270465?
155
What is the greatest common divisor of 405 and 36626985?
405
Calculate the greatest common divisor of 22892 and 282076.
388
What is the greatest common divisor of 1392 and 9679272?
696
Calculate the greatest common factor of 81875247 and 1581.
1581
What is the highest common factor of 3383920 and 400?
80
Calculate the greatest common factor of 4 and 24688130.
2
Calculate the greatest common factor of 29256 and 427498.
106
Calculate the greatest common divisor of 324200 and 7610.
10
Calculate the greatest common divisor of 76969635 and 148755.
3165
Calculate the greatest common factor of 259740 and 112184.
148
What is the highest common factor of 268 and 96933188?
268
What is the greatest common divisor of 3198956 and 4?
4
Calculate the highest common divisor of 682 and 64849334.
682
Calculate the greatest common factor of 231 and 280183785.
21
Calculate the greatest common divisor of 71192 and 78254.
22
What is the greatest common divisor of 16323 and 10608?
3
Calculate the highest common divisor of 187234 and 5603422.
1046
What is the greatest common factor of 1612 and 629252?
52
Calculate the highest common divisor of 49800 and 5475.
75
Calculate the highest common divisor of 33185 and 118961588.
6637
Calculate the greatest common factor of 3017 and 421568.
7
Calculate the greatest common divisor of 3131846 and 19418.
2774
Calculate the greatest common factor of 4735 and 54802890.
4735
Calculate the highest common divisor of 140919 and 379101.
321
Calculate the greatest common factor of 30735728 and 134096.
4624
What is the highest common factor of 62417190 and 6935?
365
Calculate the greatest common factor of 447629408 and 256.
32
What is the greatest common divisor of 29840706 and 4347?
1449
Calculate the greatest common divisor of 22884810 and 18330.
390
Calculate the highest common divisor of 35312 and 42448.
16
Calculate the greatest common factor of 1356894 and 392490.
11214
What is the greatest common divisor of 44377 and 385121?
223
What is the greatest common divisor of 37844 and 2444?
4
Calculate the highest common factor of 46 and 15716429.
23
What is the highest common divisor of 1309 and 148680?
7
Calculate the greatest common divisor of 162 and 18203130.
162
What is the highest common factor of 609 and 18566989?
203
Calculate the greatest common factor of 27255 and 93356670.
1185
What is the highest common factor of 10362 and 64222734?
942
Calculate the greatest common divisor of 4678 and 2349923130.
4678
What is the greatest common factor of 95544620 and 830?
830
Calculate the greatest common divisor of 23001060 and 300.
60
What is the highest common factor of 1 and 302102917?
1
What is the greatest common divisor of 5868 and 728773?
163
Calculate the greatest common factor of 798745545 and 635.
635
Calculate the highest common divisor of 109645634 and 67.
67
What is the highest common divisor of 72335 and 2720?
85
Calculate the highest common factor of 322749 and 512253.
2961
Calculate the highest common divisor of 17433 and 185803.
149
Calculate the highest common factor of 730737 and 7595.
49
What is the highest common divisor of 451125796 and 132?
44
Calculate the highest common divisor of 96954 and 2439294.
858
Calculate the highest common divisor of 5454 and 12793266.
1818
What is the highest common divisor of 7480 and 12676840?
440
What is the highest common factor of 3489809 and 25133?
613
Calculate the greatest common factor of 14251468 and 22.
22
What is the greatest common factor of 151884465 and 7206?
3603
What is the highest common factor of 120107868 and 168?
12
Calculate the greatest common factor of 71320 and 22656.
8
Calculate the highest common divisor of 149058 and 2254.
98
Calculate the highest common factor of 69620 and 33906710.
590
Calculate the highest common divisor of 50 and 25142275.
25
Calculate the highest common factor of 15528838 and 182.
26
What is the highest common factor of 530 and 79706276?
106
What is the greatest common divisor of 161529 and 465?
3
What is the highest common divisor of 1177568 and 1960?
392
What is the greatest common divisor of 236682 and 932118?
2922
What is the greatest common divisor of 1530391795 and 29294?
14647
Calculate the greatest common factor of 15291 and 7281.
9
Calculate the greatest common divisor of 225517470 and 2163.
309
Calculate the greatest common divisor of 137761227 and 1027.
79
What is the greatest common diviso